 -x**4/24 - x**3/6 - 3*x**2/2 + 2. Let s(t) be the second derivative of h(t). What is s(1)?
-2
Let w(y) be the first derivative of y**4/4 - 2*y**3/3 - y**2 - 4*y + 14. Determine w(3).
-1
Let t(o) = o**2 + 1. Let n(a) = -a**2 + a - 2. Let b(v) = -3*n(v) - 4*t(v). What is b(2)?
-8
Let h = -11 - -11. Let s(t) = 2 + 7 - 2 + h + t. Calculate s(-5).
2
Let i(l) = l**3 - 3*l**2 + l + 1. Suppose 2*j + 32 = 4*z, -5*z - 5*j = -4*j - 26. Suppose -2*a - 2 = -z. Calculate i(a).
-1
Suppose 5*b - 112 = 3. Suppose -b = -4*n - 5*q - 6, -5*n - 5*q = -15. Let w(o) = 1 + 2*o**2 - 1 + 2*o. Calculate w(n).
4
Suppose 4 = -3*n + 4*d - 2*d, 2*d = 10. Let b(i) = 4 - 3 - 8*i + 2*i**2 - 3*i**n + 2*i. Determine b(-6).
1
Let f be 1*(2 - 1 - -2). Let q(j) be the first derivative of -1/3*j**3 + 0*j + 3/2*j**2 + 2. Give q(f).
0
Let q be 0*(52/56 + 3/(-7)). Let f(x) = x**2 + x + 14. Give f(q).
14
Let q = 2 - 0. Let f = q + -2. Suppose 0 = -g - 3 - f. Let m(s) = -s**3 - s**2 + 4*s. Determine m(g).
6
Let g(j) = j**2 + 7*j + 4. Let f be (-2)/((-40)/25 + 2). What is g(f)?
-6
Let p(h) = 2*h + 8. Let g be (-4)/10 - (-387)/(-45). Let l = 2 + g. Determine p(l).
-6
Let k(n) = -4*n - 1. Let l(p) = -p**2 + 3*p + 1. Let d(h) = 3*k(h) + 4*l(h). Let w(i) = -i**2 - 2*i + 4. Let g be w(-3). Calculate d(g).
-3
Suppose -2*t = -0*t + 4. Let y(r) = 7*r**2 + 9 - 9*r**2 - 7. Give y(t).
-6
Let v(x) = -2 - 1 - 2 + x + 0. Calculate v(-6).
-11
Let u(m) = 6*m + 3 - 1 + 1 - 4. What is u(-2)?
-13
Let k(c) = c**2 - 2*c + 2. Let u(m) = -m**2 + 7*m - 10. Let v be u(3). What is k(v)?
2
Let x(m) = 3*m**2 + 8*m + 2. Let l(k) = -10*k**2 - 25*k - 5. Let n(q) = -2*l(q) - 7*x(q). Let g be 1/2 + 14/(-4). Determine n(g).
5
Suppose -5*w = -4*v - 29, -2*v + w - 7 = -0*w. Suppose 2*q + 4 - 14 = 0. Let j(n) = -q*n + 5*n + n. Determine j(v).
-1
Suppose -w - 11 = -4. Let b = -5 - w. Let y(u) = -14*u**3 + 2*u**2 + 29*u - 23. Let x(m) = 5*m**3 - m**2 - 10*m + 8. Let s(v) = 17*x(v) + 6*y(v). Give s(b).
-6
Suppose 0 = -5*u + 6 + 14. Let x(i) be the second derivative of 0 - 7/6*i**3 - 3*i + 1/12*i**u + 3*i**2. What is x(4)?
-6
Let b(z) be the first derivative of 7/2*z**2 - 1/3*z**3 + 1 - z. Calculate b(6).
5
Let i(d) = d - 5. Suppose 4*w + 4 = 20. Suppose -t - w*t = -q - 20, -3*q = 0. What is i(t)?
-1
Let y(p) = -p**2 - 7*p - 2. Let o(k) = -k**2 - 6*k - 1. Let r(i) = -5*o(i) + 4*y(i). Let d be r(-4). Let h(a) = -a + 2. Calculate h(d).
-3
Let v be 3/6*(0 - -4). Let a(b) = b + 4. Let n(d) be the second derivative of d**3/6 + d**2 - d. Let o(l) = 4*a(l) - 7*n(l). Calculate o(v).
-4
Suppose 0 = 3*c - 18 + 3. Let p(m) = -2*m + 7. Give p(c).
-3
Let q(w) be the third derivative of -w**5/120 - w**4/12 + 7*w**3/6 + 5*w**2. Let y(k) be the first derivative of q(k). What is y(-2)?
0
Let t(y) = y**2 - 5*y + 7. Let b(r) = -4*r - 3. Suppose 4*a - 3 + 15 = 0. Let k be (-1)/2 + a/2. Let x be b(k). Determine t(x).
7
Let o(w) = -w**2 - 5*w + 3. Let i(x) = -3*x**2 - 14*x + 9. Let p(c) = -4*i(c) + 11*o(c). What is p(0)?
-3
Let b(u) be the second derivative of u**4/6 + u**3/3 + u**2 - u. Let o be 16/(-6) - (-2)/3. Determine b(o).
6
Suppose -5*b = 4*w + 8, 2*w + 10 = b - 3*w. Let d = -1 + 3. Suppose -d*p = 4 - b. Let z(k) = -k**2 - k - 1. Calculate z(p).
-3
Let w(v) = v. Let c be w(3). Let o(n) = -3*n**2 - 3*n**c - 3 + 4*n**3 + 6*n - 3*n. Give o(2).
-1
Let x(k) = -k + 1. Let z(q) = -q - 8. Let m be z(-10). Let t(p) = -3*p + 3. Let b(a) = m*t(a) - 7*x(a). What is b(4)?
3
Let g(n) = -3 + 5 + 2*n**2 - 7*n**2 + n**3. Let r = 4 - 14. Let x = -5 - r. What is g(x)?
2
Let y(l) = 2*l - 5 + 1 - 3*l. Suppose -3 = 2*i - 3*g, -5*i - g - 3 + 4 = 0. Suppose i = x - 2 + 5. Calculate y(x).
-1
Let f(z) = z**3 + z**2 + 1. Let u be (-2)/10 + 19/(-5). Let o = 2 + u. Let j be 2 - (2 + 0/o). Determine f(j).
1
Let u = -5 + 8. Let i(q) = 0*q - 10 + u + q. Let s be i(4). Let k(y) = y**3 + 3*y**2 - 2*y. Give k(s).
6
Let v(y) = y**3 + y - 8. Let w be 0/(-3 - 5/(-1)). Suppose 11*o - 8*o = w. Calculate v(o).
-8
Let d(p) be the first derivative of 5*p**3 - p**2 - p - 22. Calculate d(-1).
16
Let z(k) be the third derivative of -k**6/120 - k**5/12 + 5*k**4/24 - 2*k**3/3 - 7*k**2. Calculate z(-6).
2
Let m(s) = -s. Suppose 0*o = 5*b + 3*o - 42, o = -b + 8. Let c = b + -6. Let f be (c + -4)/(1/(-5)). Determine m(f).
-5
Let x be 4/(-24) + (-43)/(-6). Let i = -4 + x. Let t(a) = a**3 + 4*a**i + 5*a - 6*a**3 + 0*a**2 - 4*a**2. Calculate t(-5).
0
Suppose -4*d = -4*y - 16, -3*y - y = -d + 10. Let h(s) = s**d - 7 + s - 3*s - s. Let w be (-63)/(-12) + 1/(-4). Give h(w).
3
Let n(l) be the second derivative of -l**4/12 + l**3/6 - 9*l**2/2 + 6*l. Let t be 0*(-1)/(-3 - -2). Calculate n(t).
-9
Let o be (4/(-2))/(0 - -2). Let p be -4 + 4 + (o - -2). Let s(g) = -6*g**2 + g - 1. Calculate s(p).
-6
Let g(x) = x**2 - 7*x - 1. Suppose -5*p = -3*u - 2, 4*u - 2*u - 5*p = -8. What is g(u)?
-7
Let v(h) = -7*h - 23*h**2 - 4 + 11*h**2 + 3 + 11*h**2. Give v(-6).
5
Suppose 10 = w + 8. Let n(h) = h**3 - 3*h**2 + 2*h. Give n(w).
0
Let v(l) be the third derivative of -l**5/60 - 5*l**4/24 + l**3 - 7*l**2. Give v(-6).
0
Let k(l) = 5*l**3 - 5*l**2 + 5*l + 59. Let a(t) = -2*t**3 + 2*t**2 - 2*t - 20. Let q(z) = -8*a(z) - 3*k(z). Determine q(0).
-17
Let q(b) be the first derivative of -2/3*b**3 + 0*b**2 + 5 - b. Calculate q(-2).
-9
Suppose -4*r - 13 = -3*l, 5*r - 4*l = -12 - 4. Let d(y) = -6*y + 9*y + 4 - 4*y**3 + 3*y**3 - 4*y**2 - y. Give d(r).
-4
Let y = 13 - 18. Let i(w) = -4*w + 2 + 0*w**3 + 0*w**3 + w**3 + 4*w**2. Calculate i(y).
-3
Let v(l) be the second derivative of l**5/20 + 5*l**4/12 - l**3/6 + l**2/2 + l. Calculate v(-5).
6
Let s = 1 - -1. Let m(t) = -t**3 - t**2 + 2*t - 2. Let f(o) = o**2 - o. Let u(p) = -3*f(p) - m(p). Give u(s).
4
Let p(f) = -3*f**2 + 26*f + 8. Let v(j) = j**2 - 9*j - 3. Let n(a) = -3*p(a) - 8*v(a). Let x be (60/2)/6*1. What is n(x)?
-5
Let r be ((-2)/(-5))/(1/5). Let y(t) = 6*t - 3. Let b(j) = 8*j - 4. Let d(o) = -2*b(o) + 3*y(o). Give d(r).
3
Let f = -36 + 27. Let l(v) = v**3 + 10*v**2 + 10*v + 2. Calculate l(f).
-7
Let z(b) = -3*b + 2. Let k(n) = 0 - n - 3*n + 3. Let q(m) = 4*k(m) - 5*z(m). Let y = 11 - 6. Calculate q(y).
-3
Let y(v) be the second derivative of -v**3/6 - v**2/2 - 2*v. Let p be (-3 - -2)*(-2)/2. Let a be 1 - p - 9/(-3). Calculate y(a).
-4
Let z(j) be the first derivative of -j**3/3 + j**2/2 + j - 13. Determine z(0).
1
Let l(m) = m**3 + 5*m**2 - 6*m - 1. Let d(u) = -u**2 + 5*u - 6. Let o be d(5). What is l(o)?
-1
Let t(z) = z**3 + 3*z**2 + 3. Let y be t(-3). Let o be (2 + 2)/(2 + 0). Let f(b) = 3*b - 3 - 4*b - 4*b**o + 5*b**2. What is f(y)?
3
Let x(s) be the third derivative of -s**5/60 + s**4/12 + 5*s**3/6 + 8*s**2. What is x(5)?
-10
Let c(f) be the first derivative of -5*f**3/3 + 5*f**2/2 + 10*f + 2. Let s(k) = -4*k**2 + 5*k + 9. Let b(h) = -3*c(h) + 4*s(h). Calculate b(5).
6
Let x(y) be the third derivative of -1/6*y**3 + 7/60*y**5 + 9*y**2 + 0*y + 0 - 1/12*y**4. Give x(-1).
8
Let j(q) be the first derivative of q**3/3 - 7*q**2/2 - q - 9. Give j(6).
-7
Suppose 5*r - y + 3*y + 11 = 0, -10 = r + 3*y. Let c be (-1 + 0 + r)*2. Let n(j) be the first derivative of j**2/2 + j - 1. Calculate n(c).
-3
Let z(p) = -3*p**2 - 10*p + 6. Let x(q) = -4*q**2 - 11*q + 7. Let o(f) = -2*x(f) + 3*z(f). Give o(-6).
16
Let v(w) = 2 - 5 + w - 6. Let l(b) = 2*b - 22. Let m be l(13). Give v(m).
-5
Let u(r) = -r**3 + 4*r**2 - 3*r + 3. Let m be (7 + 0)/((-1)/1). Let l(d) = d**2 + 7*d + 4. Let z be l(m). Suppose 21 = z*q + 9. What is u(q)?
3
Let h(w) be the first derivative of w**3/3 + w**2 + 7. Give h(-3).
3
Let z(s) = s**3 + s**2 - 7. Suppose -3*m = t - 27, 2*m - 1 = 3*m - 3*t. Suppose 5*l - n - m = 4, l = n. Suppose 2*v + l*v = 0. Give z(v).
-7
Let i = 1 + -2. Let z(v) = v**2 - 2*v - 7. Let g(l) = l + 1. Let t(p) = i*z(p) - 4*g(p). Give t(2).
-5
Let a(s) = 3*s + 8. Let m(l) = 4*l + 9. Let v(i) = 5*a(i) - 4*m(i). What is v(4)?
0
Let q(p) be the second derivative of -p**4/6 - p**3/2 - 4*p. What is q(-2)?
-2
Let w(o) be the first derivative of -o**4/2 + o**3/3 + o**2/2 + o - 9. Determine w(2).
-9
Suppose 5*u - u + 4*y + 52 = 0, 3*u - 4*y = -74. Let v = 34 + u. Let z = -11 + v. Let r(g) = -g**2 + 7*g - 5. Determine r(z).
5
Let v(q) = q**2 - 6*q + 6. Suppose 3*u = -4*s + 3, -5*u - 9 = -8*u - 2*s